i) + 11*w(i). Determine j(t).
15
Let d(z) be the third derivative of -z**4/8 - 5*z**3/6 + z**2. Suppose 4*a - 423 + 439 = -v, -3*a + 2*v - 23 = 0. Calculate d(a).
10
Let v(g) = 2*g**3 - 2*g**2 + 10*g + 5. Let w(s) = -s**3 - s**2 - 4*s - 2. Let l(x) = -v(x) - 4*w(x). Calculate l(-4).
-53
Let x(r) = r - 29. Let z = 10685 - 10662. Determine x(z).
-6
Let s(f) = 7*f**3 - 10*f**2 + 8*f + 54. Let u(l) = -20*l**3 + 28*l**2 - 23*l - 153. Let b(i) = 17*s(i) + 6*u(i). Determine b(-2).
4
Let m(w) = -57 + 2*w + 36 + w**3 - 24*w**2 - 2*w**3 + 22*w**2. Give m(0).
-21
Let i(q) = -13*q**2 - 14*q + 109. Let d(n) = 24*n**2 + 28*n - 199. Let x(s) = 6*d(s) + 11*i(s). Calculate x(-16).
37
Let b(u) = u - 7. Let m = 97 + -229. Let n = m + 144. Calculate b(n).
5
Suppose 3*k + 2*k - 10 = 0, -2*g + 14 = 5*k. Let s be 18/(g*(-4)/(-4)). Suppose 0 = -2*r + s + 9. Let v(j) = j - 20. Give v(r).
-11
Let t = -199 - -213. Suppose -2*v - t*v + v = 0. Let g(h) be the second derivative of h**4/12 - h**3/6 - 5*h**2/2 - 2*h. Determine g(v).
-5
Let f(v) = -v**2 - 6*v + 4. Let c be f(-30). Let u = 718 + c. Let w(t) = t. Let k(p) = p**2 - 5*p - 1. Let x(h) = k(h) + 3*w(h). Calculate x(u).
-1
Let q = -10065 - -10091. Let t(n) = -2*n + 68. Calculate t(q).
16
Let u = -36 + 35. Let v(b) = 2*b + 8*b - 68*b + 14*b + 10*b. What is v(u)?
34
Let r(w) = w**2 - 18*w + 16. Let j(c) = -3*c**2 + 187*c - 227. Let f be j(61). Calculate r(f).
-1
Suppose -4*f + 5*u - 10 = -6*f, -f - 5*u - 5 = 0. Let m be (-21)/(-9) - (5/f + 0). Let y(g) = -5*g**2 - 4*g + 3. Determine y(m).
-25
Let u(o) = -1004 + 526 + 18*o + 502. Determine u(-3).
-30
Let m(l) = -6*l**2 + 5*l - 278 + 140 + 146 - l**3. Let i = -179 - -173. What is m(i)?
-22
Let r(b) = -b**2 - 364*b - 1089. Let w be r(-3). Let d(i) = -2*i**3 + 13*i**2 + 5*i + 2 - 4 + 4*i**3. Give d(w).
4
Let a(d) = -d**3 - 18*d**2 + 2*d + 11. Let s be ((-438)/511)/((-2)/(-42)). Determine a(s).
-25
Let r(w) = 5*w**2 - 2*w. Let d(l) = 21*l**2 - l + 1. Let g(k) = -d(k) + 4*r(k). Let o(t) = -2*t - 5. Let f be o(0). Give g(f).
9
Let q(x) = -873 + 1758 - 878 + x. Suppose -z - 4 = -0*z. What is q(z)?
3
Let h(g) = 15*g**3 + 12*g**2 + 56*g + 42. Let m(t) = 22*t**3 + 17*t**2 + 84*t + 64. Let k(f) = -10*h(f) + 7*m(f). Give k(-1).
-5
Let q(p) = 311*p - 308*p + 38 - 81. Determine q(12).
-7
Let j = -314 + 316. Let u be (j/4)/((-13)/(-26)). Let c(z) = -8*z + 2. Determine c(u).
-6
Let m(o) = -2*o - 1 + o + 2. Let k(v) = -7*v. Let q(u) = -k(u) + 5*m(u). Let d = 28 + -34. What is q(d)?
-7
Suppose -4*t + 16 = -i, -10*i = -2*t - 12*i - 2. Let n(q) be the second derivative of 0 + 1/12*q**4 + 1/2*q**2 + 7/6*q**t - 5*q. What is n(-6)?
-5
Let u(z) be the first derivative of -32*z**3 - z**2/2 - 2*z - 1333. Determine u(-1).
-97
Let t(j) be the third derivative of j**6/120 - j**4/12 - j**3/3 - 2*j**2. Let a(u) = -2*u**3 - 12*u**2 + 316*u + 1893. Let z be a(-6). Give t(z).
-23
Suppose -c = b, 0 = -4*c + 103 - 91. Let p(d) = d**3 + d**2 - 5*d + 1. Calculate p(b).
-2
Let s be (1/(-2))/(3/114). Let f = 28 + s. Suppose -14*g + f*g + 35 = 0. Let y(b) = -b + 5. Give y(g).
-2
Let r(b) be the second derivative of -5*b**4/12 - b - 246. Let o(x) = 9*x**2 - x + 10. Let k(d) = -o(d) - 2*r(d). Give k(0).
-10
Let o(q) be the third derivative of 2*q**2 - 3/2*q**3 + 34 + 0*q - 7/24*q**4 + 1/60*q**5. What is o(8)?
-1
Suppose -3*v + 31*c = 27*c, 2*v - 4 = 2*c. Let m(w) = -3*w + 15. Calculate m(v).
-9
Let p(h) be the third derivative of h**4/24 - 3*h**3/2 + 3*h**2 + 149*h. Calculate p(0).
-9
Let j(n) = -n**2 + 4*n + 7. Let v be (-1*7)/(49 - 50). Suppose 0 = -5*u + 3 - 8. Let o = v + u. Determine j(o).
-5
Let k(m) be the first derivative of -m**4/4 - 16*m**3/3 - 15*m**2 - 28*m - 197. Determine k(-14).
0
Let x(s) = 5*s**3 - 10*s**2 + 16*s + 9. Let k(u) = u**3 + 4*u. Let z(j) = -6*k(j) + x(j). Let b be (-14)/(-56) - 37/4. Determine z(b).
0
Let m(w) = w**3 + 5*w**2 - 3*w + 2. Suppose -12 = 4*g, 2*r - 5 = 4*g + 13. Suppose -25*j + 11 = -26*j - 5*k, -3*k = r*j + 21. Calculate m(j).
-16
Let p(a) = -a**3 - 3*a**2 + 3*a + 4. Let s(o) = -2*o**2 - 16*o - 54. Let k be s(-9). Let r be (k/(-27))/(4/(-6)). Determine p(r).
8
Let l(n) = 7*n**2 - 5*n - 12. Let i(v) = 13*v**2 - 9*v - 23. Let x(h) = 6*i(h) - 11*l(h). Suppose 5*o + 242 = -388. Let f = -131 - o. Give x(f).
14
Let d(z) = 3*z**2 + 66*z - 11. Suppose 28*c - 11*c + 374 = 0. Let n be d(c). Let t(w) = w**2 + 9*w - 13. What is t(n)?
9
Let r(i) = -i + 5. Let p(o) = 36*o - 441. Let g be p(12). Let n(f) = 2*f**2 + 18*f. Let s be n(g). Calculate r(s).
5
Let n(p) = p**2 - 24*p - 22. Let d be n(25). Let x(q) = -41 + 54 + 21*q**d - 13. Determine x(-1).
-21
Suppose -14*d + 12*d = h + 3, 3*d + 22 = -5*h. Let s(i) = 18*i**2 - 3*i + 3. Calculate s(d).
18
Let t(o) = o**3 + 2*o**2 - 7. Let m(f) = 12*f**3 + 15*f**2 + 5*f - 74. Let u(a) = m(a) - 11*t(a). Let c = 2 - -4. Calculate u(c).
-3
Let m = 16 + 72. Let q = 92 - m. Let v(t) = -t**2 + 4*t - 6. What is v(q)?
-6
Let n(v) be the second derivative of v**5/20 - 11*v**4/12 - 5*v**3/3 + 1671*v. Give n(12).
24
Let w(x) = 25*x - 8. Let z(b) = -9*b + 280. Let g be z(31). Give w(g).
17
Let d(w) be the second derivative of w**4/12 + 7*w**3/6 - 3*w**2 - w. Let l(i) = 9*i - 8. Let u be l(1). Let f be u*(6 + -2 - 12). What is d(f)?
2
Let k(a) be the second derivative of -14*a - a**2 + 1/6*a**3 + 0. Let q be k(1). Let u(i) = 2*i**2 + 1. Determine u(q).
3
Let f(j) = j**3 - 5*j**2 - 7*j + 3. Let y be ((-9)/(-27))/((-1)/(-9)). Let r(t) = -t**3 + t + 2. Let p be r(y). Let g = -16 - p. Give f(g).
-3
Suppose 2*t - 3*n = 14, -n - 4*n + 35 = 5*t. Let k(w) be the second derivative of -w**3/3 + 4*w**2 + 5210*w. Determine k(t).
-6
Suppose -4*h - 24 = -3*a, 2*h = -2 - 4. Let k(d) = -5*d + 0*d - 3 + 0*d + 4*d + a*d. What is k(4)?
9
Let d(h) = 135*h + 267. Let u(s) = 41*s + 80. Let m(g) = -10*d(g) + 33*u(g). Give m(11).
3
Let n(t) = -16*t - 318. Let u be n(-20). Let q(v) = v**3 - v**2 - 2*v - 1. Determine q(u).
-1
Let p = 14877 - 14875. Let g(w) = -w. Let b(l) = -5*l - 1. Let s(v) = -b(v) + g(v). What is s(p)?
9
Let u(v) = -v**2 + 8*v - 12. Let g be u(2). Suppose -4*s = -2*b - 14, g*b + 4*b + 15 = -5*s. Let k(f) = -f**2 - 6*f + 7. Calculate k(b).
12
Suppose -2*k = -4, 3*k - 14 = -3*v - k. Let y = 0 + 2. Let i(g) = -4 + 7*g + 2 + g - y*g**v + g**2. What is i(8)?
-2
Let k(m) = 4*m**2 - 3*m + 2. Let t = -4431 + 4431. What is k(t)?
2
Suppose -22*z = -1873 - 767. Suppose 2*p = -8*p + z. Let g(a) = -a**3 + 11*a**2 + 12*a - 3. Calculate g(p).
-3
Let f(a) = -28*a**2 + 72*a - 29. Let x(s) = 6*s**2 + 4. Let k(d) = -f(d) - 5*x(d). What is k(-36)?
9
Let m(c) = 8*c + 190. Suppose -1826*k = -1847*k - 483. Give m(k).
6
Let m(h) = 15*h**3 - 5*h**2 - 3*h - 3. Let a(p) = 7*p**3 - 3*p**2 - 2*p - 2. Let u(d) = -7*a(d) + 4*m(d). Suppose -2297*c + 359 = -2656*c. Determine u(c).
-10
Suppose -4*q - m + 20 = 3*m, -5*q + 25 = 3*m. Let s(a) = 7*a - 4. Let b(c) = 6*c - 4. Let n(v) = -5*b(v) + 4*s(v). What is n(q)?
-6
Let m(d) = -d - 2. Let p be 2 - (-84 - (-4)/2). Suppose 5*y = -3*o + p, -4*y + 4*o - 2*o + 54 = 0. Let f = -20 + y. Determine m(f).
3
Let d(i) = -97*i + 37. Let o be d(3). Let p = 262 + o. Let q(f) = 9*f - 5 + 5 - f**2 + 8. Determine q(p).
16
Let h(p) be the second derivative of -p**6/360 + p**5/10 - 5*p**4/12 + 77*p**3/6 - 4*p - 2. Let i(j) be the second derivative of h(j). Determine i(11).
1
Let v(r) = -12013*r - 17 + 24024*r - 12013*r. Give v(0).
-17
Let f(j) be the third derivative of j**5/5 + j**3/2 + 7721*j**2. What is f(-3)?
111
Let f(q) = -q**3 - 8*q**2 - 5*q - 6. Let w(a) = a**3 - 2*a**2 + 3*a - 6. Let u be w(0). Determine f(u).
-48
Let l = -7430 + 7427. Let n(j) = j**2 - j - 7. Calculate n(l).
5
Let v(s) = 2*s**3 - 8*s**2 + 7*s + 8. Let h(x) = x**3 - 7*x**2 + 7*x + 7. Let c(i) = -3*h(i) + 2*v(i). Suppose -56*l = -24*l + 160. Give c(l).
30
Suppose -20 = -24*a + 29*a. Let p be ((-4)/2 + 0 - -4) + 0. Let f(c) = c + 3 - p + 2 - 1. Calculate f(a).
-2
Let l(u) = -5*u. Let t(i) = 4*i. Let s(r) = 2*l(r) + 3*t(r). Let k(a) = 10*a. Let x(p) = 2*k(p) - 11*s(p). Let w be (-15)/20 + (-3)/12. Calculate x(w).
2
Let y(o) = -o**3 - 18*o**2 + 11*o + 690. Let d be y(-16). Let h(n) = -5*n**2 + 8*n - 6. What is h(d)?
-10
Let g(f) = -22*f - 132. Let w(h) = 12*h + 55. Let t(i) = 3*g(i) + 7*w(